-6*r - 3*y. What is the tens digit of b(r)?
8
Suppose 0 = 5*x - 0*x + 10*x. What is the units digit of (x + -1374)*(84/9)/(-14)?
6
Suppose -111*t - 246584 = -2088740. What is the thousands digit of t?
6
Let u(p) = -212*p**3 + p**2 + 51*p + 223. What is the ten thousands digit of u(-4)?
1
Let a be (-9)/((-8326)/1664 - -5). Suppose 3*k + p - 391 = 1481, -4*k - 5*p = -a. What is the hundreds digit of k?
6
Suppose -20 + 7 = -d. Let m = d + -9. Suppose -f - m*f = 2*p - 28, 3*p - 5*f = -8. What is the units digit of p?
4
Suppose -5*o - 22 = 2*x, -4*o = -7*x + 12*x + 55. What is the tens digit of 63825/165 - 2/x?
8
Let k be 6/(-3) + (1 - -1). Suppose 4*s - 8 = k, 3*s = -3*p + 4*s - 2. Suppose 13*h - 24*h + 2013 = p. What is the tens digit of h?
8
Let h(m) = -m**3 + 19*m**2 + 15*m + 11. Let c be (24/(-4) - -6) + 6*3. What is the hundreds digit of h(c)?
6
Suppose 2*u = -5*p + 4*u - 112, -3*p - 2*u - 64 = 0. Let f = p + 408. What is the tens digit of f?
8
Suppose -4*m = 556*l - 555*l - 7286, m + 21923 = 3*l. What is the tens digit of l?
0
Let x = 88 - 54. Suppose -2*c = 6, -4*o + 3*c + 23 = -x. Suppose 0 = i - 70 - o. What is the units digit of i?
2
Let l(v) = 23*v + 31. Let p(w) = 3*w**3 + w**2. Let i be p(1). Let d be l(i). Suppose 5*f - 3 = 2*c - d, -5*f + 100 = 2*c. What is the tens digit of c?
5
Let g(j) = 3788*j - 99. What is the thousands digit of g(1)?
3
What is the hundreds digit of (-1)/5 + (-1256)/(4 + 236/(-54))?
3
Let x be (9/4)/((-24)/(-1792)). Let q = 17 + x. What is the tens digit of q?
8
Suppose -2*d + 3*n + 36017 - 6525 = 0, -4*d = -5*n - 58980. What is the tens digit of d?
4
Suppose -2*t + 8 = -n + 5*n, 0 = 3*n + 3*t. Suppose 7*s - n*s - 624 = 0. Suppose 6*i - s = 182. What is the units digit of i?
5
Let h be (-2 - 98/(-4))*(-20)/(-3). Suppose -348 = -c - j + h, 0 = -2*j - 4. What is the tens digit of c?
0
Suppose -54*q + 95142 = -8*q - 404234. What is the thousands digit of q?
0
Suppose -41 = 2*t - 9. Let p(r) = r**2 + 8*r + 3. Let h be p(t). Suppose u - h = 19. What is the hundreds digit of u?
1
Let x = 54859 + -33786. What is the ten thousands digit of x?
2
Let g = 20116 + -7141. What is the tens digit of g?
7
What is the tens digit of (9 - 11)*613460/(-37)?
6
Let g(t) = 361*t**3 - t**2 + 88*t - 376. What is the hundreds digit of g(5)?
1
What is the tens digit of 4/6 + (-3952885)/(-327)?
8
Suppose -2*p + 2*a + 58540 = 0, 6*p - 175624 = 101*a - 99*a. What is the thousands digit of p?
9
Let r = 6950 - -4079. What is the thousands digit of r?
1
What is the ten thousands digit of (160802/(-12))/(-1) + (332/24 - 14)?
1
Let m be 0 - (-2)/6*0. Suppose 0 = -3*f - 3*p + 27, m*f - 36 = -4*f + p. Let h(n) = 16*n - 30. What is the tens digit of h(f)?
1
Let d = -57 - -32. What is the units digit of (1368/(-10))/9*d?
0
Let d(i) = 0*i + 2*i + 41 - i + i. Suppose -j - 3*a + 0*a = -3, -40 = 4*j - a. What is the tens digit of d(j)?
2
Suppose -7893987 = 53*h - 89*h - 161*h. What is the tens digit of h?
7
Let j(w) = 26*w - 21. Let o be j(1). Suppose 5*b - 459 = -2*y, 3*b + 1358 = o*y + 226. What is the tens digit of y?
2
Let a = -107 - -111. Suppose -a*t - 2152 = -4*i, -4*t + 216 = i - 322. What is the tens digit of i?
3
Let g(u) = -u**3 + 12*u**2 - 11*u + 2. Let q be g(11). Let k be (4 - 8) + q - -4. Suppose -2*j = 1 + 5, -k*j + 389 = 5*o. What is the tens digit of o?
7
Let n(s) = 2*s**2 + 7. Suppose -p + 10*p = 0. Let t be n(p). Suppose t*m = 12*m - 345. What is the tens digit of m?
6
Let c(w) = -698*w + 544. What is the hundreds digit of c(-5)?
0
Suppose -3*u + 23834 = m, -10*m - 39710 = -5*u - 5*m. What is the units digit of u?
4
Let q(l) = -5 - 5 - 17*l - 7*l + 30 + 23. What is the hundreds digit of q(-33)?
8
Suppose -4*v + 36 = 3*u, u - 2*v = -u + 38. Suppose -u*r + 21*r = 3*s + 3155, 3*s = -15. What is the tens digit of r?
2
What is the units digit of (0 + -1962)/(16/(-104))?
3
Suppose -2*y - 6594 = 5*y. Let c be (7/21)/(2/y). Let m = 254 + c. What is the units digit of m?
7
Let q(g) = 3*g**2 + 10*g**2 + 13*g + 1 + 0*g**2. Let f be q(-2). Suppose 0 = -24*h + f*h - 174. What is the tens digit of h?
5
Suppose -3*n - 5*r = -835, 6*n + 2*r - 1417 = n. Suppose 2*u - i - 2*i - n = 0, 2*u = i + 275. What is the units digit of u?
5
Suppose -38920 = 2*o - 8*n - 139830, -3*n - 151437 = -3*o. What is the ten thousands digit of o?
5
Let f(m) be the third derivative of m**6/8 + m**5/30 - m**4/12 - m**3/2 + 4*m**2. Let u be f(-2). Let s = 17 - u. What is the units digit of s?
8
Let c be 120/48*(-1)/(-5)*90. Let d = c + 389. What is the tens digit of d?
3
Suppose -43 + 7 = -6*x. Let q(m) = 172*m - 94. What is the tens digit of q(x)?
3
Suppose 5*y - 3*s - 6 = 0, -3*y + 4*s = y. Let n(x) = -20*x + 10. Let p be n(y). Let o = -1 - p. What is the tens digit of o?
4
Let i be -2*(-2 + (-6)/(-4)) + -9. Let o be (-5 - i)*(2 + 0). Suppose -5*w = h - 40 - 6, 3*w = -o. What is the tens digit of h?
5
Let j = 248 - -172. Suppose -28 = -3*c + r + j, 0 = 5*r - 25. What is the tens digit of c?
5
Suppose x = 3, h = 3*x - 5*x + 177. Suppose -q - 2*c = -h, 533 = 3*q - c - 3*c. Let y = q - 75. What is the hundreds digit of y?
1
Let c(y) = 24*y**3 - 14*y**2 - 5*y - 19. What is the hundreds digit of c(7)?
4
Let g = 4 - 178. Let z = -18 - g. Suppose -z = -3*v - 5*u + 146, -2*u = -5*v + 462. What is the units digit of v?
4
Let u be 1/(-2 + 498/248). Suppose u = 3*s - 29. Suppose -8*o = -453 - s. What is the tens digit of o?
6
Let w(s) = 123*s**2 - 24*s + 1037. What is the tens digit of w(20)?
5
Let g(c) = 15*c - 3. Let p be g(1). Suppose 33 - p = 7*q. Suppose -q*n = -4*j + 264 + 756, 3*j - 4*n = 765. What is the hundreds digit of j?
2
Let r = -34 + 57. Suppose 0 = 2*d - 3*k - 16, -2*d = -5*k + 3 - r. Suppose 23 = -d*j + 598. What is the units digit of j?
5
What is the units digit of (-108)/918 - (-3 - (-276303)/(-17))?
6
What is the units digit of 16934/10 + (-28)/70?
3
Let n = 425 - 243. Suppose -5*u - 68 = n. Let g = u + 155. What is the units digit of g?
5
Suppose 251*u + 452699 - 9962859 = -254*u. What is the tens digit of u?
3
What is the units digit of 592/(-4)*(1610/(-28) + 5)?
0
Suppose -v + 0*v - 30575 = -6*v. What is the hundreds digit of v?
1
Let u(q) = 796*q**2 - 42*q + 3. What is the tens digit of u(3)?
4
Let y be 49/(2 + 0/(-3) - 3). Let v = 24 + y. What is the units digit of (40/v)/((-2)/70)?
6
Let v = -52 + 34. Let i = 20 + v. Suppose -i*t = -7*t + k + 250, 4*k = -20. What is the units digit of t?
9
Suppose -20*a = -2*a - 23238. What is the tens digit of a?
9
Let a = -347 + 1078. Suppose 25*o = 26*o - a. What is the units digit of o?
1
Suppose 0 = -20*t + 21*t - 21. Suppose -11094 + 44190 = t*n. What is the units digit of n?
6
Suppose 51 = -33*m + 16*m. Let b(q) = 12*q**2 - 3*q - 2. What is the hundreds digit of b(m)?
1
Let v be (1 - 2)*(6 - 11 - -5). Suppose 4*a = -4*d + 566 + 1678, 3*a - 2*d - 1708 = v. What is the hundreds digit of a?
5
Suppose 3*h = 15, -a = a - h + 85. Let p be ((48/a)/1)/(4/(-10)). Suppose -5*i + 422 = p*m - 3*i, 143 = m + 3*i. What is the units digit of m?
0
Let f be 10 + 3/(-1) + -4. Let k be (-42)/(-28)*(-2)/f. What is the units digit of 117 - (-4 - (-5 - k))?
7
Let c(z) = 689*z + 5640. What is the ten thousands digit of c(27)?
2
Suppose -3*q + z - 5 = 0, 3*z = 7*q - 4*q - 3. Let a(p) = 4*p**2 - 5*p - 4. Let s be a(q). Let l = s + -21. What is the units digit of l?
6
Let d(s) = 17 + 3*s + s**2 + 35 - 18 + 32. What is the tens digit of d(25)?
6
Suppose -155*j = -113*j - 976710. What is the tens digit of j?
5
Suppose 5*b = 10, 0*b = y + 2*b - 8. Let i be (y/(-3))/((-4)/(-6)). What is the tens digit of ((-62)/(-4))/(i/(-4)) - 1?
3
Let n(t) = -t**2 + 10*t - 5. Let u be n(9). Suppose b + u*b - 25 = 4*p, -2*b = -3*p - 10. Let r(i) = 4*i + 233. What is the tens digit of r(p)?
3
Let f(v) = 3*v**2 - 4*v**2 - 3*v - 2*v**3 + 0*v**3 + 3*v**3 - 67. Let d be f(0). Let o = -1 - d. What is the units digit of o?
6
Let i(a) = 1777*a - 39. Let x be i(3). Suppose x = 5*g + 13*g. What is the units digit of g?
4
Suppose 240580 = 18*w + 15*w - 10*w. What is the units digit of w?
0
Suppose -6*a - 23 + 77 = 0. Suppose a*p - 2*h + 22 = 13*p, -3*h + 27 = 4*p. Suppose s - 4*r - 600 = -3*s, p*r - 3 = 0. What is the tens digit of s?
5
What is the ten thousands digit 